of n?
5, 13
Let l(g) = -9*g**3 + 2*g**2 + 2*g - 3. Let o be l(2). List the prime factors of 6/o*-9*14.
2, 3
Let b = 140 + -95. List the prime factors of b.
3, 5
Let j(f) = 28*f + 4. Let a be j(3). Suppose 2*m - a = -2*m. What are the prime factors of m?
2, 11
Let r(o) = -o**3 - 9*o**2 - 23*o - 9. What are the prime factors of r(-9)?
2, 3, 11
Let c(r) = r**3 + r**2 - r + 4. Let j be 2*(3/(-6) - -3). Suppose 4*f - 20 = -5*i, 0*i + i - j*f = -25. What are the prime factors of c(i)?
2
Let o be (-4)/6 - (-25)/15. What are the prime factors of 1/o + (-1 - -23)?
23
What are the prime factors of (-3419)/(-39) - 2/3?
3, 29
Let l(j) = 3*j + 7 + 3*j - 4*j. Let z be l(-5). Let v(q) = -5*q - 1. What are the prime factors of v(z)?
2, 7
Let o(y) = -y - 1. Let s be o(-6). Let c(g) = g**3 + 8*g**2 + 2*g - 5. Let m be c(-5). Suppose -m = -s*f - 0*f. List the prime factors of f.
2, 3
Let h(t) = -t + 4. Let b(j) = -j**2 + 5*j. Let s be b(3). Let n be 1*(s + -1)/(-1). List the prime factors of h(n).
3
Suppose 4*p = p - w - 80, 5*w = -3*p - 88. Let m = -8 - p. List the prime factors of m.
2, 3
Let h be 10/(-5)*(1 - 0). Let n = -6 + h. Let v = 0 - n. What are the prime factors of v?
2
Suppose 66 = 2*h + h. Let l = h - 6. List the prime factors of l.
2
Let n(q) = q**2 + 4*q - 7. Let o be n(6). Let y = o - 19. What are the prime factors of y?
2, 17
Let z = 7 - 6. Let g be (1/z)/(3/9). List the prime factors of g + 5 + 1 + -3.
2, 3
Suppose 3 = 3*d + 15. Let r = d + 14. What are the prime factors of r?
2, 5
What are the prime factors of -24*((-36)/(-16) + -3)?
2, 3
Let x(o) = -o**2 + 4*o + 2. What are the prime factors of x(4)?
2
Let b = -9 - -14. Suppose -2*j - 4*f + 14 = 0, -b*j + f = -0*f - 46. List the prime factors of j.
3
Suppose 33*d = 26*d - 14. Suppose j + 14 = 5. What are the prime factors of (-24)/j*(d + 8)?
2
Suppose 97*o + 252 = 99*o. What are the prime factors of o?
2, 3, 7
Suppose -o = -3*r - 56 - 157, -60 = r - 4*o. Let h(b) = -b**3 - 5*b**2 - 2*b + 5. Let n be h(-5). List the prime factors of 2/10 - r/n.
5
Suppose 6 - 2 = 2*w. Suppose 3*u - z - 14 = w*u, -3*u + z = -34. What are the prime factors of u?
2, 5
Let k(u) = -10*u + 3. What are the prime factors of k(-13)?
7, 19
Let x(a) = 6*a**2 + a - 2. Let q be x(1). Let v(n) = n**3 - 4*n**2 + 7*n - 6. What are the prime factors of v(q)?
2, 3
Suppose -4*w = -f - 83, 3*w - 4*f - 61 = 11. What are the prime factors of w?
2, 5
Let l(f) = f. Let s be l(-1). List the prime factors of s - ((-4)/2 + -2).
3
Suppose -5*i - 133 = -3*g - i, 82 = 2*g - i. List the prime factors of g.
3, 13
Let f(r) be the first derivative of r**4/2 - 5*r**3/3 + r**2/2 + 3*r - 4. List the prime factors of f(3).
3, 5
Let s = -4 + 8. Suppose f + 44 - 12 = 2*x, s*f = -5*x + 80. Suppose -10 = -m - 2*l + 2, 0 = 4*l - x. What are the prime factors of m?
2
List the prime factors of -118*(-54)/48 + (-2)/(-8).
7, 19
Let m be 36/(-44) + 2/(-11). Let u be m/(-4) - (-42)/24. Let t(p) = p**3 - 2*p**2 + 3*p - 1. What are the prime factors of t(u)?
5
Let i be 4/(-2) - (2 - 3). Let n be (4/10)/(i/5). What are the prime factors of (-33)/(-9) - n/(-3)?
3
Let z be -3*(0 - (-28)/(-6)). List the prime factors of (-83)/(-9) - z/63.
3
Let w be 4/(12/(-9)) + 2. List the prime factors of (w - -3)/1 + 10.
2, 3
Let l(c) = c**2 + 11*c + 19. Let r be l(-8). Let i(q) = -3*q + 7. What are the prime factors of i(r)?
2, 11
Suppose 15 = -2*g + g + 4*y, 0 = 3*g + 4*y - 19. Suppose 5*m - 7 = 3*l, -5*m = -4*l + g - 2. What are the prime factors of l?
2, 3
Suppose 43 - 171 = -4*r - 4*c, 2*r - 3*c - 59 = 0. What are the prime factors of r?
31
Let w(l) = l**3 + 11*l**2 + 11*l + 1. Let k(i) = -2*i**3 - 12*i**2 - 11*i - 2. Let q(h) = 2*k(h) + 3*w(h). List the prime factors of q(10).
3
Suppose -599 = -2*f - 5*k, -8*k - 20 = -4*k. What are the prime factors of f?
2, 3, 13
What are the prime factors of 1 + 435/7 + 1/(-7)?
3, 7
Let r(q) = q**2 + 6*q + 5. Let o be r(-6). Suppose -5*v + 11 + 19 = k, k + o = 2*v. Let a(t) = 2*t - 1. List the prime factors of a(k).
3
Let l = 15 - 11. Suppose -h - 3*g - l = -0*h, -2*h - g = -7. List the prime factors of h.
5
Let p be (15/(-9))/((-2)/6). Suppose p*w - 110 + 20 = 0. List the prime factors of w.
2, 3
Let w(g) = g**3 - 3*g**2 + g. Let x be w(2). Let f be 3*(0 - x - 3). What are the prime factors of (-10)/f - (-12)/18?
2
Let y(o) = -o**2 - 4*o + 4. Let i be y(-4). Let z(q) = -1 - q**3 - 2*q + 0 - 2 - i*q**2. What are the prime factors of z(-4)?
5
Let y = 10 + -7. List the prime factors of ((-15)/5)/((-1)/y).
3
What are the prime factors of (42/(-28))/((-6)/184)?
2, 23
Let f(v) be the third derivative of -v**5/60 - v**4/2 - v**3/3 - v**2. What are the prime factors of f(-8)?
2, 3, 5
Let i = -32 - -62. What are the prime factors of i?
2, 3, 5
Suppose -92 = -0*r - 4*r. Suppose -c - 3*u + 24 = 0, -3*c + c - u = -r. List the prime factors of c.
3
Let w(z) = -z**2 + 7*z + 6. Let f be w(7). Suppose -f*k = -3*k - 12. Let o = k - -5. What are the prime factors of o?
3
Let d = 46 + -26. What are the prime factors of d?
2, 5
Let u(v) = v**3 - 9*v**2 - v - 7. Let r be u(9). Let i = -11 - r. What are the prime factors of i?
5
Let d(n) = 4*n - 2. Let o be d(4). Suppose s = -s + o. What are the prime factors of s?
7
Let l(o) = -o**2 - o. Let f be l(-1). List the prime factors of (3 - (f - -4)) + 26.
5
Let i = 4 + 0. Suppose 2*u + 1 - 19 = -h, -4*h = i*u - 44. What are the prime factors of u?
7
Let l(q) = -2*q. List the prime factors of l(-17).
2, 17
Let u = -10 + 54. What are the prime factors of u?
2, 11
Suppose -2*a = 5*q - 47, -3*a = -5*a + 4*q + 20. What are the prime factors of a?
2
Let m be -7 + (3 + -9)/(-3). Let r(n) = -n**3 - 5*n**2 + 4. List the prime factors of r(m).
2
Let g be 3/(-6)*7*-178. List the prime factors of 3/(-2) + g/14.
43
Suppose -2 = y - 7. Let b = y - 3. Suppose p = 2*f, -3*p + 5 = -3*f - b*f. What are the prime factors of p?
2, 5
Let r(a) = -a**3 + 9*a**2 - a + 3. Let s be r(9). What are the prime factors of (-69)/(-5) - s/30?
2, 7
Suppose 5 = -2*a - 3*a. Let h(p) = 3*p**2 - p. List the prime factors of h(a).
2
Let n = -4 + 8. What are the prime factors of n?
2
Let d(z) = -z**2 - z + 2. Let s be d(2). Let f = s + 8. List the prime factors of f.
2
Let t be (-792)/(-21) - (-8)/28. Let i = t - 14. What are the prime factors of i?
2, 3
Let l be 6/4 - 2/(-4). Suppose 0 = l*a - 1 + 15. List the prime factors of -2 + 2 - 1*a.
7
Let t = -6 + 9. Suppose 3*d - t = -0*d. List the prime factors of d*(-1 + -5)/(-2).
3
Suppose -5*l + 262 = -53. Let o be (2 - 0) + 0 + l. Suppose 0*f - o = -5*f. List the prime factors of f.
13
Let z be ((-54)/(-12))/(1/6). Let s = -17 + z. What are the prime factors of s?
2, 5
Let b = 655 + -459. What are the prime factors of b?
2, 7
Suppose -294 = -4*a - 3*c, -c + 298 = 3*a + a. What are the prime factors of a?
3, 5
Let o = 55 - 26. Suppose -5*w + 42 = 4*v, 0*v - 3*v = 5*w - o. What are the prime factors of v?
13
Let x(k) = 77*k - 15. What are the prime factors of x(2)?
139
Let a(y) = -y**3 + 8*y**2 - 6*y + 2. Let s = 16 - 10. Let t be a(s). Suppose -5*b + t - 13 = 0. What are the prime factors of b?
5
Let t(j) = 0*j**2 + j**2 - 5 + 9 + 11*j + 8. List the prime factors of t(-10).
2
Suppose t + 32 = -4*z, -3*t - 29 = -4*z - 77. List the prime factors of 15*1*(-3)/z.
5
Let a(k) = 3*k + 4. Let o(g) = -g. Let q(l) = -a(l) - 4*o(l). List the prime factors of q(7).
3
What are the prime factors of (-90)/(-4)*4/5?
2, 3
Suppose -5 - 15 = -5*a. Suppose -y = -5*x - 13, 16 = 4*y - a*x - 52. List the prime factors of y.
2, 3
Let p = -10 - -17. Let g be 10/15 - 57/(-9). What are the prime factors of 58/g + (-2)/p?
2
Suppose -o - 2*o + 15 = 0. Suppose -9 = -o*h - 34. Let v = -2 - h. List the prime factors of v.
3
Let f(p) = p**2 + 2*p. Let d be f(-1). List the prime factors of d - 0 - (-1 - 23).
23
Suppose -k + 5 = f, -4*k + 3*f = k - 25. What are the prime factors of k?
5
Let l(m) = 2*m**2 - 31*m + 22. What are the prime factors of l(21)?
11, 23
Let s(c) = 42*c + 7. List the prime factors of s(4).
5, 7
Let s(z) = -z**2 - 8*z + 7. Let q(l) = -l**2 + 13*l - 7. Let f be (13*-1)/(1/(-1)). Let i be q(f). List the prime factors of s(i).
2, 7
Let z(p) = -p - 6. Let v(g) = -g - 5. Let t(f) = -6*v(f) + 5*z(f). Let j be t(-6). L